he prime factors of 97097385.
3, 5, 7, 11, 84067
What are the prime factors of 464301238?
2, 1993, 116483
List the prime factors of 16175858.
2, 61, 132589
What are the prime factors of 982239862?
2, 491119931
List the prime factors of 326936564.
2, 81734141
List the prime factors of 109337224.
2, 13667153
List the prime factors of 1027571818.
2, 7, 13, 31, 182129
List the prime factors of 2344225192.
2, 53, 211, 26203
What are the prime factors of 128427858?
2, 3, 13, 548837
List the prime factors of 13254098.
2, 11, 13, 383
List the prime factors of 13969122.
2, 3, 61, 38167
What are the prime factors of 154828564?
2, 11, 29, 71, 1709
List the prime factors of 1958588764.
2, 11, 4046671
List the prime factors of 1409589304.
2, 769, 229127
What are the prime factors of 6219235668?
2, 3, 5897, 87887
List the prime factors of 219915008.
2, 193, 4451
List the prime factors of 329814848.
2, 11, 23, 20369
List the prime factors of 58476.
2, 3, 11, 443
List the prime factors of 597501854.
2, 19, 877, 17929
List the prime factors of 24293842.
2, 23, 528127
What are the prime factors of 520918899?
3, 41, 43, 98491
What are the prime factors of 1683137486?
2, 59, 113, 126229
List the prime factors of 232801168.
2, 14550073
List the prime factors of 4110561312.
2, 3, 11, 13, 31, 743
What are the prime factors of 68760656?
2, 4297541
What are the prime factors of 782554289?
11, 71141299
What are the prime factors of 3973085285?
5, 13, 61124389
What are the prime factors of 1976508677?
11, 13, 431, 32069
What are the prime factors of 10345949?
571, 18119
What are the prime factors of 1914558847?
23, 359, 231871
List the prime factors of 488495023.
307, 1591189
What are the prime factors of 134268878?
2, 67134439
What are the prime factors of 88265606?
2, 11, 13, 308621
List the prime factors of 630071757.
3, 7, 307, 10859
What are the prime factors of 777953180?
2, 5, 347, 112097
What are the prime factors of 4825766705?
5, 313, 1447, 2131
List the prime factors of 30303916.
2, 53, 223, 641
List the prime factors of 779592614.
2, 41, 179, 53113
What are the prime factors of 10959307?
197, 55631
What are the prime factors of 5008953?
3, 1669651
List the prime factors of 882146157.
3, 29, 853, 11887
What are the prime factors of 2481729409?
997, 2489197
What are the prime factors of 2224146195?
3, 5, 151, 449
List the prime factors of 752879953.
7, 23, 71, 97
List the prime factors of 21089892.
2, 3, 1757491
What are the prime factors of 479928828?
2, 3, 19, 2104951
What are the prime factors of 2388351009?
3, 11, 72374273
What are the prime factors of 673859467?
673859467
List the prime factors of 79860579.
3, 41, 649273
List the prime factors of 1206308574.
2, 3, 1637, 40939
List the prime factors of 79630144.
2, 11, 113111
What are the prime factors of 421172004?
2, 3, 11, 3190697
What are the prime factors of 4917678801?
3, 7, 10853, 21577
What are the prime factors of 987297584?
2, 7, 13, 109, 6221
List the prime factors of 37927879.
11, 3447989
What are the prime factors of 935604995?
5, 13, 14393923
What are the prime factors of 30097040?
2, 5, 211, 1783
List the prime factors of 114487347.
3, 13, 47, 62459
List the prime factors of 47710328.
2, 5963791
List the prime factors of 11326781.
113, 100237
List the prime factors of 662541707.
3889, 170363
List the prime factors of 608931405.
3, 5, 193, 23371
What are the prime factors of 6231682?
2, 31, 100511
What are the prime factors of 103547888?
2, 97, 137, 487
What are the prime factors of 21711373?
157, 138289
List the prime factors of 324776347.
7, 17, 79, 179, 193
What are the prime factors of 189833424?
2, 3, 11, 17, 21149
What are the prime factors of 1383137381?
379, 883, 4133
What are the prime factors of 177424278?
2, 3, 43, 687691
List the prime factors of 262186180.
2, 5, 13109309
List the prime factors of 4291970686.
2, 19, 2963, 38119
What are the prime factors of 392346849?
3, 130782283
List the prime factors of 253377436.
2, 13, 4872643
What are the prime factors of 63009272?
2, 127, 62017
What are the prime factors of 638336374?
2, 13, 4481, 5479
List the prime factors of 89400929.
61, 251, 5839
What are the prime factors of 928452422?
2, 881, 526931
List the prime factors of 1124498546.
2, 19, 229, 129223
What are the prime factors of 170083467?
3, 4003, 4721
List the prime factors of 1872262903.
7, 359, 106433
What are the prime factors of 13804123?
13804123
List the prime factors of 249219851.
137, 1819123
List the prime factors of 4015000285.
5, 109, 2063, 3571
List the prime factors of 593710896.
2, 3, 229, 54013
What are the prime factors of 532542091?
89, 5983619
What are the prime factors of 165052447?
7, 43, 548347
List the prime factors of 3164089999.
7, 452012857
List the prime factors of 19736794.
2, 7, 11, 61, 191
What are the prime factors of 2261523925?
5, 19, 127, 37489
List the prime factors of 1204002492.
2, 3, 7, 11, 17, 76649
List the prime factors of 2612833857.
3, 103, 1087, 2593
List the prime factors of 19523504.
2, 7, 11, 13, 23, 53
What are the prime factors of 6760400645?
5, 317, 983, 4339
What are the prime factors of 304344605?
5, 60868921
What are the prime factors of 35826737?
47, 79, 9649
What are the prime factors of 2264238?
2, 3, 125791
List the prime factors of 74684670.
2, 3, 5, 197, 12637
List the prime factors of 1086392871.
3, 17, 547, 4327
List the prime factors of 248114581.
11, 13, 1735067
What are the prime factors of 4876024?
2, 609503
List the prime factors of 542359832.
2, 7, 239, 827
What are the prime factors of 478676394?
2, 3, 7, 31, 41, 61
List the prime factors of 2553217719.
3, 13, 65467121
What are the prime factors of 50969718?
2, 3, 2831651
List the prime factors of 175192714.
2, 113, 775189
What are the prime factors of 3597512441?
3597512441
What are the prime factors of 1449608415?
3, 5, 89, 701, 1549
What are the prime factors of 187742524?
2, 911, 51521
What are the prime factors of 903347027?
11, 82122457
List the prime factors of 127510240.
2, 5, 11, 13, 5573
List the prime factors of 150540147.
3, 5575561
List the prime factors of 2602045981.
2602045981
What are the prime factors of 52883072?
2, 11, 23, 71
List the prime factors of 613946846.
2, 37, 8296579
What are the prime factors of 103204146?
2, 3, 31, 103, 5387
What are the prime factors of 614486116?
2, 153621529
What are the prime factors of 3914753688?
2, 3, 54371579
List the prime factors of 8972346.
2, 3, 23, 79, 823
List the prime factors of 475888979.
475888979
What are the prime factors of 644548352?
2, 7, 51383
List the prime factors of 667901077.
113, 881, 6709
What are the prime factors of 107843433?
3, 35947811
What are the prime factors of 4106786164?
2, 13, 29, 2723333
List the prime factors of 729903326.
2, 47, 331, 23459
What are the prime factors of 43770560?
2, 5, 43, 3181
List the prime factors of 10574175.
3, 5, 140989
List the prime factors of 4837593198.
2, 3, 41, 19665013
What are the prime factors of 1986062442?
2, 3, 7, 13, 131, 27767
List the prime factors of 679819755.
3, 5, 353, 128389
List the prime factors of 125943644.
2, 47, 669913
What are the prime factors of 472056211?
11, 617, 6323
What are the prime factors of 42144807?
3, 233, 60293
What are the prime factors of 89522904?
2, 3, 43, 223, 389
What are the prime factors of 2936195155?
5, 587239031
List the prime factors of 13458749.
23, 585163
List the prime factors of 208342668.
2, 3, 17361889
List the prime factors of 192777313.
31, 6218623
List the prime factors of 195155878.
2, 19, 270299
List the prime factors of 1458066068.
2, 364516517
What are the prime factors of 498643466?
2, 249321733
What are the prime factors of 78224774?
2, 29, 46507
What are the prime factors of 71313090?
2, 3, 5, 53, 44851
What are the prime factors of 331767083?
151, 227, 9679
List the prime factors of 196976584.
2, 7, 29, 121291
What are the prime factors of 389461573?
389461573
List the prime factors of 210625426.
2, 11, 7193
List the prime factors of 149524803.
3, 43, 386369
List the prime factors of 140990361.
3, 151, 311237
What are the prime factors of 615491573?
615491573
List the prime factors of 6333529989.
3, 31, 1613, 42221
List the prime factors of 561481888.
2, 11, 23, 223, 311
W